
Let l be 3 + (-39)/15 + (-8)/20. Suppose 3*b + 20 = y - 83, -b - 2 = l. Suppose -3*h - y = -4*i, -4*h = 2*i - 0*i - 54. List the prime factors of i.
5
Suppose 0 = 4*x + b - 255460, -2*x + b + 54757 = -72961. What are the prime factors of x?
63863
Let h(j) = -5*j**2 - 16*j - 9. Let l be h(-3). Let d(y) = -2*y**2 - 2 - 3 - y**2 - y**3 + 14*y. List the prime factors of d(l).
19
Suppose 2*d - 4*w = 1024, -4*d + 2803 = -3*w + 760. Let k = 504 + d. What are the prime factors of k?
2, 3, 13
Suppose -5*c + 18 = -0*m + 3*m, -5*c - 70 = -5*m. Suppose -4 - m = -3*f, 3*f = -h + 101. List the prime factors of h.
2, 43
Let b(c) = -4*c**2 + 2*c + 34. Let h be b(-5). Let j = h + 143. What are the prime factors of j?
67
Let j(h) = -h**2 + 15*h - 16. Let a be j(12). Suppose -a*d = -16*d - 1764. What are the prime factors of d?
3, 7
Suppose 3732 = 3*t + 4*m - 9446, -t - m + 4393 = 0. List the prime factors of t.
2, 13
Let t = 19846 + -14648. What are the prime factors of t?
2, 23, 113
Let r(x) = -3*x + 26. Suppose -4*t - m + 98 = 0, -t = t + 2*m - 52. Suppose -3*w + 5 - 12 = 5*a, 5*w - 4*a + t = 0. What are the prime factors of r(w)?
2, 19
Let l(i) = -i**2 + 17*i + 10. Let s be l(15). Let z = -40 + s. Suppose z = 19*f - 7*f - 516. What are the prime factors of f?
43
Let v be 51/(-1)*40/(-15). Let p = v + -8. Let i = 394 - p. What are the prime factors of i?
2, 7, 19
Let z = -4438 - -7245. Let d = -1513 + z. List the prime factors of d.
2, 647
Let m be -1 - 2/(10/(-15)). Suppose 2142 = 5*l + 2*q, -m*q - 1310 = -3*l + 3*q. What are the prime factors of l?
2, 5, 43
Suppose -23*k = -2*k - 105. Suppose o = -k*x + 589, -5*x = 2*o - 0*x - 1183. List the prime factors of o.
2, 3, 11
Let s(j) = 5*j**3 - 4*j**2 + j + 15. List the prime factors of s(8).
13, 179
Let l(u) be the third derivative of -19*u**4/24 + 35*u**3/2 + 3*u**2 - 28*u. List the prime factors of l(-27).
2, 3, 103
Let d(y) = -10100*y - 361. What are the prime factors of d(-1)?
9739
Suppose 2*r = 3*r - 499. Suppose -n = -3*z - z - r, z - 1458 = -3*n. What are the prime factors of n?
487
Let t be 3 - (6/27 + (-28)/(-36)). Suppose 4*w - t*u - 2218 = 0, -3011 = -5*w + u - 240. List the prime factors of w.
2, 277
Suppose 0 = -6*u + 3598 + 4802. Suppose 0 = -2*d + 4*s - 3*s + 1410, -2*d - 4*s + u = 0. What are the prime factors of d?
2, 11
Suppose 712453 - 3397666 = -88*j + 1230347. What are the prime factors of j?
5, 11, 809
Let k = 36 + -33. Let t be (k - (-9)/(-6)) + (-14)/(-4). Suppose 2*i - 3*i + 215 = 2*n, -t*i = 5. List the prime factors of n.
2, 3
Let s be ((-156)/(-16) - -4) + (-6)/8. Let d = -11 + s. Suppose -d*k + 28 = -k. What are the prime factors of k?
2, 7
Let u(h) = -h**3 - 7*h**2 + 11*h - 1. Suppose -24 = 3*j - 0*j. Let f be u(j). Let a = 38 + f. List the prime factors of a.
13
Let l be 8/(-10) + ((-234)/15)/3. What are the prime factors of 72 - ((-6)/(-9) + 4/l)?
2, 3
Suppose 0 = -3*p - 10 + 7. Let y be (-244)/12*(-27)/p. List the prime factors of (y/12 + -2)*(-20)/5.
191
Let l = 134 + 865. Let g = l + -664. Suppose -g = -12*w - 47. What are the prime factors of w?
2, 3
Suppose -f - 4*y - 13 = -2, 35 = 3*f - 5*y. Suppose 25 = f*u, 2*t - 5*u + 4*u + 231 = 0. Let p = t + 116. What are the prime factors of p?
3
Let d(h) = 9*h**2 + 4. Let u be d(3). Let g = -158 + 162. Suppose 5*o - 136 = -3*m, g*o + 5*m - 29 = u. List the prime factors of o.
2, 13
What are the prime factors of 5 - ((-26)/(-4))/(-9*(-11)/(-168696))?
7, 1583
Let y(b) = b**3 + 10*b**2 - 12*b - 8. Let n be y(-11). Suppose n*s + 309 = -0*g - 5*g, -2*g = 0. Let v = 226 + s. List the prime factors of v.
3, 41
Let k = -705 + 709. Suppose -4340 = -5*p - 5*o, -k*o - 525 = 5*p - 4861. What are the prime factors of p?
2, 3
Suppose -5*q = g, q + g = 4*q. Let r(b) = -b + 66. Let s be r(7). Suppose q = -o + 3 + s. What are the prime factors of o?
2, 31
Suppose -w + 2*w - 1310 = 0. Suppose 2*k - 1236 = w. What are the prime factors of 1/1 + k/19?
2, 17
Let u = 48 + -45. Suppose -t = 2, -u*y + 4*t + 176 = -0*y. Suppose 0 = -7*x + y. What are the prime factors of x?
2
Suppose 21*g - 24*g = 3*f - 21264, -3*g - f = -21260. What are the prime factors of g?
2, 3, 1181
Let j be 14/21*(-378)/(-4). Let m = -5 + -1. Let r = j - m. List the prime factors of r.
3, 23
Let a(g) = 163*g + 641. What are the prime factors of a(55)?
2, 3, 1601
Let v(z) = -4*z**2 - 12*z. Let j(u) = 3*u**2 + 13*u - 1. Let h(t) = -3*j(t) - 2*v(t). Let o be (-207)/18 - 4/8. What are the prime factors of h(o)?
3, 13
Let d = -6907 - -11349. List the prime factors of d.
2, 2221
Let k(v) be the first derivative of 2*v**3/3 - 17*v**2 - 29*v - 3. What are the prime factors of k(22)?
191
Let a(o) = -o**3 - 8*o**2 - 9*o - 10. Let n be a(-7). Let g be ((-20)/(-6))/(n/150) - 2. Suppose -228 = 120*u - g*u. What are the prime factors of u?
2, 19
Suppose 2*t + i = -4, -3*t + 10*i - 32 = 5*i. What are the prime factors of -8*(164/t + 2)?
2, 3, 13
Let g(q) = q**2 + 16*q - 43. Let f(n) = -n**3 + 33*n**2 - 62*n - 23. Let d be f(31). What are the prime factors of g(d)?
2, 59
Let q = 4 + -7. Let o(z) be the first derivative of -z**4 + z**3 + 3*z**2/2 + 295. List the prime factors of o(q).
2, 3, 7
Let b = 50 + 5. Let y(h) = 2*h - 5. Let i be y(-6). Let k = i + b. What are the prime factors of k?
2, 19
Suppose 2*u - 2*z - 98 = 12714, 0 = u + 4*z - 6406. Suppose 4*k = 5*f + u, 3*k - 3*f - 4806 = -0*k. What are the prime factors of k?
2, 401
Let u be 5*54/(-225)*5/1. List the prime factors of 421 + 0 + 6/9*u.
3, 139
Let t(x) = 5139*x**2 + 4*x + 2. List the prime factors of t(-1).
11, 467
Let g = -110 - -129. Let t = g + -16. What are the prime factors of t?
3
Let j(o) = -o**2 - 12*o + 33 - 16 - 17. Let q be j(-12). Suppose q = 12*d - 9*d - 192. List the prime factors of d.
2
Let w(u) = -2*u - 14. Suppose 4*v + 42 = 10. Let j be w(v). Suppose -q = -g - j*q + 13, 3*g - 3*q = 39. What are the prime factors of g?
13
Let l = 47 + -51. Let j be ((l - -3) + 0)*-9. Let f(a) = 26*a + 39. What are the prime factors of f(j)?
3, 7, 13
Suppose s = -0*s - k, -5*k - 20 = 0. Suppose -5*b = 2*p - 93 - 21, s*b = 2*p - 114. What are the prime factors of p?
3, 19
Let f = 57 - 15. Let u = -21 + f. Suppose 20*q + 19 = u*q. List the prime factors of q.
19
Suppose 2*o + 24 = 192. Suppose 2*c - 88 = -2*r, 3*r = 2*c + r - o. Suppose 0 = -3*y + 218 + c. List the prime factors of y.
3, 29
Let h = 6 + 8. Suppose -61*b = -53*b. Suppose b = -d + 68 + h. List the prime factors of d.
2, 41
Let d = -3508 - -6504. What are the prime factors of d?
2, 7, 107
List the prime factors of ((-1293300)/(-350))/(8/7 - 1).
2, 3, 479
Suppose 6*q + 680 = -2164. List the prime factors of 32740/22 + (q/66 - -7).
2, 3, 31
Let c(h) be the second derivative of -2*h**2 - 1/3*h**3 + 17*h + 1/4*h**4 + 0. What are the prime factors of c(3)?
17
Let z = -1404 + 2198. Let o = z + -495. What are the prime factors of o?
13, 23
Let l = 2397 - -4702. What are the prime factors of l?
31, 229
Suppose 0 = 4*g - 2*d - 140068, -148*g + 5*d - 34973 = -149*g. What are the prime factors of g?
3, 11, 1061
Let l(x) = 20 + 10 + x**2 - 3*x - 8. Suppose -2*h - 4 = 2*h, 0 = -4*q - h + 35. List the prime factors of l(q).
2, 19
Suppose 13*r = -3*n + 10*r + 29286, 4*n = -5*r + 39051. Suppose 0 = 9*q - n + 912. What are the prime factors of q?
983
List the prime factors of (-13)/(195/(-165)) - 6*1 - -7395.
2, 5, 37
Suppose 1330 = 15*d - d. Suppose -4*s + 50 = s. Suppose -11*a = -s*a - d. What are the prime factors of a?
5, 19
Suppose -4*q + 5 = 3*g, -2*q = -5*q - 3. Suppose c + n - 75 = 10, -g*n = 2*c - 175. What are the prime factors of c?
2, 5
Let a(q) = q + 31. Let v be a(0). Suppose v*b + 747 = 40*b. What are the prime factors of b?
83
Suppose 136 = k - 29. Suppose 0 = z - 2*z. Suppose z = -17*m + 20*m - k. List the prime factors of m.
5, 11
Let u = -125 + 129. Suppose 4*t - 2197 = -5*l + 220, 0 = u*t + 4*l - 2412. List the prime factors of t.
2, 13, 23
Suppose 4*t = g + 3100 - 3094, 5*t = 3*g + 18. Suppose 5*o - 4*c - 459 = -c, 84 = o + 2*c. List the prime factors of o - (g/(-3))/((-4)/4).
2, 23
Suppose -4*s + 0 = 64. Let v = 306 + s. What are the prime factors of v?
2, 5, 29
Suppose 3*x - 7575 = 3*s, -187 = -x + 3*s + 2328. Suppose -5*p + 3*l = -x, 4*p - 1101 = -2*l + 945. Wha